14 - -23) + -7 + 7)) + -3
5
Evaluate 37 + -41 - (2 + 0) - (-3 - -9).
-12
15 - (4 - 1) - (249 - 213)
-24
25 + (3 - 8) + 8 - (-24 - -32)
20
-2 + -8 + 6 + -5 - -5
-4
Evaluate 70 - (20 - 5) - 27.
28
Calculate 20 + (2 - 3 - (161 - 170)).
28
What is -11 - (-11 - ((-1 - -16) + -20))?
-5
Calculate -2 + -24 - (-521 - -512).
-17
What is 1 + -7 + -5 + -11?
-22
What is 3 - 1 - (-1 - (2 - (-1 + 2)))?
4
Calculate (7 - (11 + -5 - (0 + -2))) + 1.
0
Evaluate -13 - (18 - (5 + 34)) - (0 - -7).
1
2 + (23 + (25 - 55) - (1 + -4))
-2
What is 8 + 1 + -5 + 2 + -10 + 15?
11
What is 45 - 48 - ((2 - 4) + -6)?
5
What is (-1 - -12) + (-6 - -15) - -10?
30
-17 + -16 + 2 + 7 + -1 + 5
-20
What is 12 - ((1 - 16) + -16 + 14)?
29
Evaluate 0 - -10 - ((32 - 6) + -11).
-5
Evaluate -38 - 2 - -45 - (-20 - -1).
24
What is 15 - (-15 - -19) - -4?
15
What is (1 - (-1 + -2 - 1 - -14)) + 4?
-5
Calculate -10 - (-8 + -9 + -12 - 6).
25
What is 3 - (-10 - ((3 - 18) + 6))?
4
What is 5 + 11 - (-14 - -5)?
25
Calculate 2 + -5 - (123 - 153).
27
Evaluate 33 + -4 + 2 - 31.
0
Calculate -10 + 8 - -4 - (-1 + 3) - -18.
18
6 + -7 + 8 - (-4 - -14)
-3
Calculate (1 + 10 - 22) + 31 + 7.
27
Calculate 6 + -4 + (-1 - 3) + -1.
-3
Evaluate ((-2 - (-2 - 8)) + -9 - 34) + 8.
-27
What is the value of (0 - 5) + 33 - 50?
-22
What is the value of -12 + 1 + (6 - -55) + -32?
18
Calculate 27 + 0 + -7 + 12 - 7.
25
Calculate -2 + 6 + -14 + 1 - (-93 - -105).
-21
Calculate 1 + -6 + 38 + -44 + 9.
-2
Evaluate -19 - (14 + 5) - -19.
-19
What is 201 - 202 - (-2 + 2 + -2)?
1
Calculate 14 - 33 - (-62 + 37).
6
Calculate 6 + (-11 - -23 - 22).
-4
-27 + 15 + -5 + 9 + 0 + -17
-25
Calculate (-490 - -472) + -2 + 42.
22
(0 - (-16 - 15)) + -26
5
Evaluate -1 + 5 - (10 + -90 + 88).
-4
What is the value of -7 + 11 + (35 + -13 - 8)?
18
What is the value of -25 + (3 - -10) + 2?
-10
What is 5 + (0 - -4 - (314 + -306))?
1
Calculate -9 + 2 + (-66 - -61) - 11.
-23
Evaluate (6 - (-2 - -15)) + 4 + 15.
12
What is -14 - (-11 - (-2 + 4))?
-1
What is (-1 - -5) + -12 + 7?
-1
Calculate 3 + -1 - (7 + (5 + 2 - 0)).
-12
3 - 33 - (-10 + -12)
-8
Evaluate (7 + (-5 - -3) - 12) + 7.
0
-2 - (-6 + 16 - (-3 - -13))
-2
0 + 15 - (1 + 47 + -40)
7
What is (4 - 11 - -13 - 19 - -3) + -8?
-18
What is 5 - -2 - (1 - 2) - (-622 - -622)?
8
Evaluate 7 - (1 + 7 + (-33 - -26) + 1).
5
Calculate (5 - 5) + -6 - -12 - 6.
0
Calculate (3 - 17) + -23 + 33.
-4
What is the value of -28 + (10 - -11) - 13?
-20
What is the value of (17 - -2) + -23 + -12?
-16
Calculate -2 + (0 - -9) - (271 - 241).
-23
What is the value of 23 - (16 - 5) - 8?
4
What is the value of 150 - 158 - (-2 + 6 + 15)?
-27
What is the value of -1 - (2 - 0) - (-355 - -348)?
4
Calculate (-85 - -80 - (-1 + 0 + -3)) + 11.
10
What is (-3 - -2 - -12) + (126 - 148)?
-11
Calculate -4 + (11 - (3 - (2 - 5))) + 5.
6
Calculate (3 - 10 - (0 + -10)) + 0.
3
Calculate -2 - (8 - (8 + -16 + 10)).
-8
What is the value of -3 + 37 + 52 + -83?
3
117 + -84 - ((3 - 8) + 10)
28
What is the value of (15 - (-36 + 30)) + (-1 - 5)?
15
What is the value of 36 - 3 - (-141 - -156)?
18
Calculate 56 + -38 - (2 - 5).
21
What is the value of (-5 - (1 + -3)) + (-36 - -51)?
12
What is 29 - 19 - ((2 - 0 - 3) + 8)?
3
(-19 - -1) + (-30 - -31)
-17
-5 - 19 - -85 - 33
28
What is the value of 4 + (-29 - 0) + (-25 - -35 - 0)?
-15
Evaluate (-22 - 63) + (4 - -45).
-36
Calculate -13 + 7 - -15 - (37 - 23).
-5
What is (-11 - 1) + (-50 - (-23 + 1) - -16)?
-24
What is -2 - -1 - ((35 - 31) + -3 + -2)?
0
What is the value of 19 + (3 - (6 - (-16 - -10)))?
10
What is (-10 + 16 - (0 + 1 + -5)) + -18?
-8
(2 + 1 - 16) + (3 - -2)
-8
-6 + -7 + 6 + 4 + 7
4
What is 2 - -7 - (-47 + 54)?
2
-5 + 4 + -18 - (-10 + -2)
-7
(12 - 6) + -1 + (8 - 1)
12
What is the value of (6 - 28) + 8 - 3?
-17
Evaluate -2 + 0 + -5 - -15 - 8.
0
Calculate 2 - (17 - (13 - (-9 + 13))).
-6
Evaluate 0 + (-2 - 3 - -8) + 11 - 8.
6
Evaluate -4 + -4 + 25 - 2 - 3.
12
What is ((-5 - 1) + (5 - 8) - 5) + 7?
-7
Calculate 99 - 115 - (3 - (-3 + 4)).
-18
What is the value of -18 - -6 - 0 - (-11 - -8) - 5?
-14
(-18 - -49) + -39 - 24
-32
4 - (2 - (7 + -10))
-1
Evaluate 18 + -58 + 0 + (-432 - -438).
-34
What is (4 - -1) + -2 - (-3 + -8 + 6)?
8
What is (0 - 1) + -5 - (-61 - (23 - 90))?
-12
Evaluate 9 - (24 + 3 + 0) - -4.
-14
Calculate (-4 - -10) + (7 - 2) + 15 + -9.
17
Evaluate -1 - 1 - (0 + (9 - 6)).
-5
34 - (-91 + 46 + 50)
29
What is the value of 10 - (-4 + 3) - 1?
10
(47 + -34 - -33) + -59
-13
18 + -24 + 49 + -19 + -1
23
What is the value of -1 - (-26 - -26) - (6 + -4)?
-3
What is the value of 0 + -25 - (-151 - -134)?
-8
Evaluate (4 - 28) + 8 + (-33 - -16).
-33
Calculate ((0 - -2) + -3 - (52 + -60)) + -6.
1
What is -5 + 4 + (-15 + 7 - (-1 + 2))?
-10
What is 6 + 0 + -1 - (-46 + 6 + 36)?
9
Calculate -5 + 0 + -2 - ((5 - -1) + -7).
-6
What is 21 - 32 - (-20 - 0)?
9
Evaluate 2 + 0 - (-37 + 91 + -44).
-8
What is 0 + 0 - -9 - (20 + -16 + 27)?
-22
Calculate -9 + 15 + (0 - 6).
0
Calculate -1 + 0 - (14 - 11) - (-1 - 2).
-1
What is -11 + (-12 + 5 + 4 - -1)?
-13
What is 174 + -184 + 0 + (-2 - -10)?
-2
What is 1 + 8 + -3 - (50 + -43)?
-1
What is (-28 - -28) + -1 + 1 + 4 + -14?
-10
-25 + 18 + 8 + -13
-12
(21 - 4) + -6 - 5
6
Evaluate (-10 - (-20 + 8 + -18)) + 1 + 5.
26
Calculate (22 + -33 - (-8 - 0)) + -3.
-6
What is (-6 + 10 + -5 - 12) + 1?
-12
What is the value of 31 + (-27 + 2 - (-98 + 85))?
19
Evaluate 0 + -4 + 3 - (-26 + -5 + 5).
25
(2 + -17 - -3) + 6 + 0
-6
Evaluate 11 - (-2 - (4 - 3) - -7).
7
Evaluate (-60 - -17 - -13) + 43.
13
Calculate 7 - -5 - (-11 - -32 - -9).
-18
What is ((-4 - (-1 - 1)) + 5 - -16) + -5?
14
Evaluate -4 - (7 - (-26 + 13)).
-24
Evaluate (38 - 22 - 20) + -14.
-18
Evaluate -1 + (-21 - -11) - (3 - 40) - 6.
20
(64 - 62) + (-1 - 0)
1
What is the value of 9 + -26 + (46 - 32)?
-3
Evaluate 80 + -93 + 23 + 0.
10
Calculate 11 + (-44 + 10 - -11).
-12
What is the value of -2 + (-1 - 3) - (-41 + 25)?
10
Evaluate 1 + 0 + -2316 + 2347.
32
Evaluate (-5 - -6) + (58 - 71).
-12
What is the value of -14 + 14 + -1 + 5 - 13?
-9
Calculate 2 + 1 + -4 + (83 - 89) - -12.
5
What is the value of 5 + 5 + -40 + 23?
-7
Calculate -2 + (-6 + -3 - -5) + -11.
-17
Calculate (8 - (8 + -4)) + 1 + -13 + -3.
-11
Evaluate -36 - (10 - (-15 - -52)).
-9
Calculate -13 + 16 - 7 - (2 + (-3 - 2)).
-1
Evaluate -14 - (-3 + 1 + -1 + 1 + -3).
-9
What is the value of (-14 - -61 - 106) + 44?
-15
What is -41 + (-8 - -42) + -10?
-17
What is -2 - (-2 + 2) - (-115 + 89) - 5?
19
What is 5 - (2 + -3 + -4 - (-2 + 0))?
8
Calculate -13 + (10 + -2 - (5 + -25)).
15
What is the value of 17 - (0 + 20) - (8 + 0)?
-11
What is the value of (-48 - -57 - (1 + 3)) + 6 + 3?
14
What is 16 - ((2 - -18) + -38)?
34
Evaluate -6 + 3 + -3 - -2.
-4
(12 - (-1 - -9)) + (-6 - 0)
-2
Calculate 14 + -2 + (6 - 7).
11
Calculate 8 + 3 + -4 + 4.
11
What is the value of -23 + 2 + 35 + -8?
6
What is the value of -1 + 18 + -7 + -1 + (-7 - -3)?
5
What is 0 - 0 - ((-16 - -9) + -19)?
26
Calculate 0 - 6 - (12 - 36 - -13 - 0).
5
What is the value of -5 + (-10 - (10 - 13))?
-12
What is 2 - 2 - 0 - (-160 - -151)?
9
What is 12 + (-35 - -9) + (8 - 0)?
-6
What is -10 + 18 - -9 - 19?
-2
-5 + (2 - -5) - (10 + 3 + -10)
-1
What is (-5 + 5 + 8 - (2 - 10)) + -5?
11
What is -197 - -206 - (-2 + 17)?
-6
Calculate 9 + 7 + -17 + 10 + 1.
10
Calculate -41 + 2 - (-388 + 371).
-22
Evaluate -6 - (-11 + 15 - 17).
7
What is 2 + (-7 - -7) + 8 + -8?
2
Evaluate 4 + 0 + (3 - 21) + 11 - -6.
3
What is the value of 2 - -5 - (1 + -1 + 11 + -7)?
3
What is the value of -9 - (1 + (12 - 8) + -11)?
-3
What is 11 + (12 + -20 - -10)?
13
What is the value of 36 - (19 - 43 - -33)?
27
What is the value of -28 - 2 - (4 + -13) - -9?
-12
Evaluate -3 - (2 + -9 + 11) - (-1 + 0).
-6
Evaluate 2 - ((8 - -8) + -24).
10
Evaluate 6 - ((17 + -6 - 18) + 31).
-18
What is 13 + 7 + (1 - (-2 - 1) - 5)?
19
26 + -27 + 23 + -25
-3
What is the value of (0 + -10 - 1 - (-763 - -756)) + 22?
18
What is 16 + 4 + 0 + -2 + -2?
16
Evaluate -25 - (24 + 41 + -61).
-29
Calculate -17 + -13 + (-9 - -33).
-6
What is (-16 - (29 - 53)) + -21?
-13
Evaluate (-13 - -8) + 6 - (-19 + -2 + 1).
21
What is the value of (3 - 5) + (-13 - (-10 + -3))?
-2
9 - (-15 - (-10 - (-2 - -1)) - 0)
15
Evaluate -9 + -1 - (-25 - -20 - -5).
-10
What is 4 + -9 + 13 + 4 + 12?
24
What is 44 + (-15 - 0) + -19 - (-1 - -20